f and 72.
8
Let x be -5*((-54)/(-30))/(-1). What is the highest common divisor of 747 and x?
9
Suppose -r - 7506 = -10*r. Suppose 42 = -3*a + r. Calculate the greatest common divisor of a and 33.
33
Suppose 21*k - 5072 - 1396 = 0. Suppose -4*c + 64 = -c - 4*p, 5*c + 3*p - 155 = 0. What is the highest common factor of k and c?
28
Suppose 0 = 8*w - 155 + 91. What is the greatest common factor of w and 3?
1
Suppose 0*r - 5*r = -2*n + 28, -n - 8 = 3*r. Let u be 2/(-13) + (r - (-528)/52). Calculate the highest common divisor of 54 and u.
6
Suppose -4*z + 122 = -2*o, 0*z + 121 = 4*z - o. Let t = z + -20. Suppose 2*q - 24 + t = 0. Calculate the highest common factor of 14 and q.
7
Let t = 1547 + -1507. Calculate the highest common divisor of t and 120.
40
Suppose 5*b = -5*s + 50, -b + 3*b = 2*s. Suppose -42 = -s*l - 3*c + 31, 5*l = 2*c + 93. Let m = l - -6. What is the highest common factor of 253 and m?
23
Let k(j) = -186*j - 42. Let n be k(-1). Calculate the greatest common divisor of 774 and n.
18
Let w(m) = 2*m**3 + 18*m**2 - 34*m. Let f be w(-10). Calculate the highest common factor of 260 and f.
20
Suppose 4*c = -4*p + 1900, 2*p = -40*c + 35*c + 950. Calculate the greatest common divisor of p and 38.
19
Let r = -30 + 47. What is the highest common factor of 221 and r?
17
Let o(v) = -v**3 - 3*v**2 + 3*v + 14. Let r be o(-5). Calculate the greatest common factor of 98 and r.
49
Suppose 5 - 119 = -3*t + 3*z, 3*z - 114 = -3*t. Calculate the greatest common factor of 2850 and t.
38
Let y(z) = z**3 - 19*z**2 + 14*z + 86. Let r be y(18). Calculate the highest common factor of r and 378.
14
Let k(b) = 2*b**2 - 22*b - 31. Let a be k(13). What is the greatest common factor of a and 84?
21
Let o = -316 + 345. What is the highest common factor of 58 and o?
29
Let n(h) = -4*h + 32. Let j be n(10). Let w be (-2)/(4/j*(-8)/(-10)). What is the highest common divisor of 10 and w?
5
Let v be (-6688)/(-57) - (8/(-3) + 2). What is the greatest common factor of 177 and v?
59
Let o = 22 - 17. Suppose 0*z = o*z - 20. Suppose -69 = -4*r + 107. Calculate the highest common divisor of z and r.
4
Suppose 136*b - 98 = 129*b. Calculate the greatest common factor of b and 6.
2
Let y = -134 - -173. What is the highest common divisor of 12 and y?
3
Let a = -96 - -60. Let q = a + 71. Let c be 0 - (0 + -3 + -4). Calculate the highest common factor of c and q.
7
Let p be ((-3)/((-6)/(-2)))/(4/(-220)). What is the highest common factor of 33 and p?
11
Suppose -u = -0*u - 5. Let z be (-16)/12*(-6)/4. Suppose -z*h + 5 = 1. What is the greatest common divisor of h and u?
1
Let c(t) = 45*t + 6. Let p(s) = 44*s + 6. Let h(k) = -5*c(k) + 4*p(k). Let z be h(-6). Suppose -3*x = -z - 339. Calculate the highest common factor of 19 and x.
19
Let h(u) = 8*u - 29. Let i be h(28). Let z be (2/(-6))/((-807)/(-135) + -6). Calculate the greatest common divisor of z and i.
15
Suppose -190 = -2*v - 94. Calculate the highest common divisor of v and 80.
16
Suppose -5*p = 4*i + 17, 5*i - 19 = 4*p + 11. Suppose -i*r = 2*r + 8. Let z be ((-4)/(-8))/(r/(-28)). Calculate the highest common factor of z and 21.
7
Let w = 130 + -115. Calculate the greatest common divisor of 630 and w.
15
Let a be -12 - -13 - (-457 - -2). Calculate the highest common divisor of a and 57.
57
Let d(h) = -h**3 - h**2 + 2*h - 9. Let w be d(0). Let g be w - -10 - (1*-75 - 2). Calculate the highest common divisor of 52 and g.
26
Let b = 1426 + -1293. What is the highest common factor of b and 209?
19
Let y = 640 + -448. What is the highest common factor of y and 256?
64
Let x be (-3)/(-6) - 2262/(-4). Suppose 4*t = 406 + x. Let h = t + -75. Calculate the greatest common divisor of 21 and h.
21
Suppose 7*f - 33 = 8*f. Let m = f + 37. Suppose 5*x + 0*j = m*j + 96, -3*x = -5*j - 68. Calculate the highest common factor of x and 80.
16
Let h = 25 - -7. Let k(s) = -2*s - 8. Let i be k(-6). Calculate the highest common divisor of h and i.
4
Suppose -207 - 93 = -4*l. What is the highest common divisor of 30 and l?
15
Let t be (56/(-10))/(2/(-80)). Suppose -40*p = i - 36*p - 52, -2*i - 2*p = -68. What is the greatest common factor of i and t?
28
Let b = -24 - -47. Let z = b - 19. Calculate the highest common divisor of 4 and z.
4
Suppose 188*c - 165*c - 460 = 0. What is the highest common divisor of 24 and c?
4
Suppose -g + 100 = 4*g. Let w(b) = b**3 - 24*b**2 - 24*b + 25. Let q be w(25). What is the highest common factor of q and g?
10
Let h(s) = 139*s - 33. Let j be h(3). Calculate the highest common factor of j and 12.
12
Let f be 4708/42 - (-7)/(2499/(-34)). Let g be (-16)/6*(-27)/(-6). Let p be (-110)/(-8) - 3/g. What is the greatest common factor of p and f?
14
Let h(y) = -y**3 + 6*y**2 - 4*y + 4. Suppose 3*b + 7 = 22. Let o be h(b). Suppose 2*a = -2*d + 40, 5*d - 3 = 7. Calculate the highest common divisor of a and o.
9
Let t = 14 - 2. Suppose -13*r + 98 = -136. What is the greatest common divisor of t and r?
6
Let o be 11 - (-153 - 5) - 7/1. What is the greatest common factor of o and 108?
54
Suppose 4*n + 3635 = 5*f + 2*n, 4*f - 2931 = -3*n. What is the highest common factor of 81 and f?
81
Let l(p) = -54*p - 3. Let k be l(-2). Suppose 0 = 11*o - 9*o - 42. Calculate the greatest common factor of o and k.
21
Let p = -46 - -50. Let a(q) = 42*q - 7. Let l be a(p). What is the highest common divisor of l and 23?
23
Let d = -3496 - -5266. Calculate the highest common factor of d and 15.
15
Suppose -23*x + 1369 = -103. What is the greatest common factor of 4 and x?
4
Let s be (-1 - -5)*8050/280. Calculate the greatest common factor of s and 207.
23
Let t = 9 + -7. Let n = 89 - 15. Suppose -5*v + n = 3*z, 2 = -v + 5*z + 28. Calculate the greatest common factor of v and t.
2
Let r(w) = 0 + 10*w - 3*w + 4. Let k be r(4). What is the highest common divisor of 64 and k?
32
Suppose -6*j = -7*j - 153. Let u = j + 293. Calculate the greatest common divisor of 28 and u.
28
Let j = 38 - 66. Let q be (-290)/(-14) + (-8)/j. Let l = -228 - -242. What is the highest common factor of q and l?
7
Let m(t) = 1 - 2 + 9*t**2 - 10*t**2 - 4. Let d be m(8). Let r be 1/(-1) - (-4 + d). What is the greatest common divisor of r and 8?
8
Let m(d) = -d**2 + 20*d + 32. Let f be m(10). Suppose 0 = 4*c + 2*c - 72. Calculate the highest common divisor of f and c.
12
Suppose -f + 3*a + 127 + 41 = 0, 0 = a. Let p be (-42)/(-2)*(-9)/((-108)/12). Calculate the highest common divisor of f and p.
21
Let c be ((-72)/(-64)*-4)/(2/(-4)). Suppose 0*s = -4*s + 4*b + 152, 3*b + c = 0. What is the greatest common divisor of 28 and s?
7
Let a = -244 - -272. Calculate the highest common divisor of a and 1876.
28
Suppose 0 = -17*h + 14*h + 45. Let c = 12 - 6. Calculate the highest common factor of h and c.
3
Let f = 2 + 8. Suppose 3*t - 2*t = -22. Let c = t + 47. What is the greatest common divisor of f and c?
5
Let a(m) = 19*m + 5. Let u(p) = -20*p - 6. Let v(t) = -7*a(t) - 6*u(t). Suppose 15 = -6*z + z. Let n be v(z). Calculate the highest common divisor of n and 8.
8
Suppose 0 = -0*a - 2*a. Let z be (2 - 5) + (-1 - -4). Suppose 3*o - 15 = z, -s = -a*s - 3*o - 3. What is the greatest common divisor of s and 9?
9
Let q(w) = 6*w**2 - 80*w - 32. Let h be q(18). Calculate the greatest common factor of h and 177.
59
Let d be -5 - -5 - (-205 - 0). Suppose -d = -3*a + 5*m + 229, -285 = -2*a - m. Let j be (31/93)/(1/39). Calculate the highest common factor of a and j.
13
Let u(h) = -2*h + 5. Let k be u(-4). Suppose -k = -4*w - 5. Suppose 0 = 5*q, -2*v + q + w*q + 16 = 0. What is the highest common factor of v and 8?
8
Let k(t) = -t**3 + 9*t**2 + 2*t + 12. Let d be k(9). Let b = -14 - -29. What is the highest common divisor of b and d?
15
Suppose 0*n - 2*n - 9 = 3*t, -15 = 5*t - n. Let r = t - -19. What is the greatest common divisor of 8 and r?
8
Suppose 0 = -48*k + 143008 - 43216. Calculate the highest common divisor of k and 77.
77
Suppose -4*x = -5*z + 299, -3 = 3*z + 5*x - 212. Let r(h) = h**2 + h - 3. Let l = 6 - 3. Let i be r(l). Calculate the highest common factor of i and z.
9
Let g be 4/12 + (-11)/(-3). Suppose -4*d + 3*q + 2702 - 928 = 0, 0 = 5*d - g*q - 2218. Suppose -3*u = 85 - d. What is the greatest common factor of 17 and u?
17
Let w = -308 - -358. What is the greatest c